{"id":845,"date":"2025-11-26T13:35:11","date_gmt":"2025-11-26T19:35:11","guid":{"rendered":"https:\/\/pachucatravel.com.mx\/index.php\/product\/verano-en-europa\/"},"modified":"2026-03-27T19:33:53","modified_gmt":"2026-03-28T01:33:53","slug":"verano-en-europa","status":"publish","type":"product","link":"https:\/\/pachucatravel.com.mx\/index.php\/product\/verano-en-europa\/","title":{"rendered":"Verano en Europa"},"content":{"rendered":"<p>Itinerario resumido.<br \/><strong data-start=\"234\" data-end=\"244\">D\u00eda 1:<\/strong> Vuelo M\u00e9xico \u2192 Londres.<br data-start=\"268\" data-end=\"271\"><br \/><strong data-start=\"271\" data-end=\"283\">D\u00eda 2-3:<\/strong> Llegada y recorrido por Londres (Big Ben, Hyde Park, Buckingham).<br data-start=\"349\" data-end=\"352\"><br \/><strong data-start=\"352\" data-end=\"362\">D\u00eda 4:<\/strong> Ferry hacia Francia y llegada a Par\u00eds.<br data-start=\"401\" data-end=\"404\" data-is-only-node=\"\"><br \/><strong data-start=\"404\" data-end=\"416\">D\u00eda 5-6:<\/strong> Tour por Par\u00eds (Torre Eiffel, Louvre, Campos El\u00edseos, Montmartre, Barrio Latino). D\u00eda extra libre con opcional a Versalles.<br data-start=\"540\" data-end=\"543\"><br \/><strong data-start=\"543\" data-end=\"553\">D\u00eda 7:<\/strong> Par\u00eds \u2192 Luxemburgo \u2192 Valle del Rin \u2192 Frankfurt.<br data-start=\"601\" data-end=\"604\"><br \/><strong data-start=\"604\" data-end=\"614\">D\u00eda 8:<\/strong> Frankfurt \u2192 Heidelberg \u2192 Selva Negra \u2192 Cataratas del Rin \u2192 Z\u00farich.<br data-start=\"681\" data-end=\"684\"><br \/><strong data-start=\"684\" data-end=\"694\">D\u00eda 9:<\/strong> Z\u00farich \u2192 Lucerna \u2192 Vaduz \u2192 M\u00fanich (opcional Monte Titlis).<br data-start=\"753\" data-end=\"756\"><br \/><strong data-start=\"756\" data-end=\"767\">D\u00eda 10:<\/strong> M\u00fanich \u2192 Innsbruck \u2192 Verona \u2192 Venecia.<br data-start=\"806\" data-end=\"809\"><br \/><strong data-start=\"809\" data-end=\"820\">D\u00eda 11:<\/strong> Venecia \u2192 Florencia.<br data-start=\"841\" data-end=\"844\"><br \/><strong data-start=\"844\" data-end=\"855\">D\u00eda 12:<\/strong> Florencia \u2192 As\u00eds \u2192 Roma.<br data-start=\"880\" data-end=\"883\"><br \/><strong data-start=\"883\" data-end=\"897\">D\u00eda 13-14:<\/strong> Roma (Coliseo, Vaticano, Fontana di Trevi). D\u00eda libre con opcional a N\u00e1poles &amp; Capri.<br data-start=\"983\" data-end=\"986\"><br \/><strong data-start=\"986\" data-end=\"997\">D\u00eda 15:<\/strong> Roma \u2192 Pisa \u2192 Niza.<br data-start=\"1017\" data-end=\"1020\"><br \/><strong data-start=\"1020\" data-end=\"1031\">D\u00eda 16:<\/strong> Niza \u2192 Barcelona.<br data-start=\"1049\" data-end=\"1052\"><br \/><strong data-start=\"1052\" data-end=\"1063\">D\u00eda 17:<\/strong> Barcelona \u2192 Zaragoza \u2192 Madrid.<br data-start=\"1094\" data-end=\"1097\"><br \/><strong data-start=\"1097\" data-end=\"1108\">D\u00eda 18:<\/strong> Madrid (city tour + opcional Toledo).<br data-start=\"1146\" data-end=\"1149\"><br \/><strong data-start=\"1149\" data-end=\"1160\">D\u00eda 19:<\/strong> Regreso Madrid \u2192 M\u00e9xico.<\/p>\n","protected":false},"excerpt":{"rendered":"<h2 data-start=\"121\" data-end=\"147\"><strong data-start=\"124\" data-end=\"147\">Servicios Incluidos<\/strong><\/h2>\n<ul data-start=\"148\" data-end=\"959\">\n<li data-start=\"148\" data-end=\"229\">\n<p data-start=\"150\" data-end=\"229\"><strong data-start=\"150\" data-end=\"209\">Boleto a\u00e9reo redondo M\u00e9xico \u2013 Londres \/ Madrid \u2013 M\u00e9xico<\/strong> en clase turista.<\/p>\n<\/li>\n<li data-start=\"230\" data-end=\"390\">\n<p data-start=\"232\" data-end=\"390\"><strong data-start=\"232\" data-end=\"245\">Equipaje:<\/strong> 1 maleta documentada de 23 kg + 1 pieza de mano de m\u00e1ximo 8 kg (medidas permitidas: <strong data-start=\"330\" data-end=\"349\">55 \u00d7 35 \u00d7 25 cm<\/strong>, incluyendo asas, bolsillos y ruedas).<\/p>\n<\/li>\n<li data-start=\"391\" data-end=\"457\">\n<p data-start=\"393\" data-end=\"457\"><strong data-start=\"393\" data-end=\"421\">17 noches de alojamiento<\/strong> en hoteles previstos o similares.<\/p>\n<\/li>\n<li data-start=\"458\" data-end=\"482\">\n<p data-start=\"460\" data-end=\"482\"><strong data-start=\"460\" data-end=\"480\">Desayuno diario.<\/strong><\/p>\n<\/li>\n<li data-start=\"483\" data-end=\"529\">\n<p data-start=\"485\" data-end=\"529\"><strong data-start=\"485\" data-end=\"527\">Traslados aeropuerto\u2013hotel\u2013aeropuerto.<\/strong><\/p>\n<\/li>\n<li data-start=\"530\" data-end=\"579\">\n<p data-start=\"532\" data-end=\"579\"><strong data-start=\"532\" data-end=\"551\">Autocar de lujo<\/strong> durante todo el circuito.<\/p>\n<\/li>\n<li data-start=\"580\" data-end=\"631\">\n<p data-start=\"582\" data-end=\"631\"><strong data-start=\"582\" data-end=\"602\">Gu\u00eda acompa\u00f1ante<\/strong> durante todo el recorrido.<\/p>\n<\/li>\n<li data-start=\"632\" data-end=\"695\">\n<p data-start=\"634\" data-end=\"695\"><strong data-start=\"634\" data-end=\"648\">Tour l\u00edder<\/strong> desde la salida en Pachuca hasta el regreso.<\/p>\n<\/li>\n<li data-start=\"696\" data-end=\"759\">\n<p data-start=\"698\" data-end=\"759\"><strong data-start=\"698\" data-end=\"726\">Asesor\u00eda previa al viaje<\/strong> para una preparaci\u00f3n integral.<\/p>\n<\/li>\n<li data-start=\"760\" data-end=\"803\">\n<p data-start=\"762\" data-end=\"803\"><strong data-start=\"762\" data-end=\"775\">Audiogu\u00eda<\/strong> en ciudades estrat\u00e9gicas.<\/p>\n<\/li>\n<li data-start=\"804\" data-end=\"904\">\n<p data-start=\"806\" data-end=\"904\"><strong data-start=\"806\" data-end=\"825\">Visitas guiadas<\/strong> en Londres, Par\u00eds, Florencia, Roma, Barcelona y Madrid con expertos locales.<\/p>\n<\/li>\n<li data-start=\"905\" data-end=\"959\">\n<p data-start=\"907\" data-end=\"959\"><strong data-start=\"907\" data-end=\"928\">Asistencia m\u00e9dica<\/strong> con cobertura de <strong data-start=\"946\" data-end=\"958\">35,000 \u20ac<\/strong>.<\/p>\n<\/li>\n<\/ul>\n<hr data-start=\"961\" data-end=\"964\">\n<h2 data-start=\"966\" data-end=\"995\"><strong data-start=\"969\" data-end=\"995\">Servicios No Incluidos<\/strong><\/h2>\n<ul data-start=\"996\" data-end=\"1322\">\n<li data-start=\"996\" data-end=\"1042\">\n<p data-start=\"998\" data-end=\"1042\">Comidas no especificadas en el itinerario.<\/p>\n<\/li>\n<li data-start=\"1043\" data-end=\"1069\">\n<p data-start=\"1045\" data-end=\"1069\">Servicio de maleteros.<\/p>\n<\/li>\n<li data-start=\"1070\" data-end=\"1124\">\n<p data-start=\"1072\" data-end=\"1124\"><strong data-start=\"1072\" data-end=\"1122\">Traslado local Pachuca \u2013 Aeropuerto \u2013 Pachuca.<\/strong><\/p>\n<\/li>\n<li data-start=\"1125\" data-end=\"1172\">\n<p data-start=\"1127\" data-end=\"1172\">Propinas para gu\u00eda acompa\u00f1ante y conductor.<\/p>\n<\/li>\n<li data-start=\"1173\" data-end=\"1195\">\n<p data-start=\"1175\" data-end=\"1195\">Gastos personales.<\/p>\n<\/li>\n<li data-start=\"1196\" data-end=\"1223\">\n<p data-start=\"1198\" data-end=\"1223\">Excursiones opcionales.<\/p>\n<\/li>\n<li data-start=\"1224\" data-end=\"1322\">\n<p data-start=\"1226\" data-end=\"1322\"><strong data-start=\"1226\" data-end=\"1279\">Tr\u00e1mite de Electronic Travel Authorisation (ETA):<\/strong> <a data-start=\"1280\" data-end=\"1320\" rel=\"noopener\" target=\"_new\" class=\"decorated-link\" href=\"http:\/\/www.gov.uk\/electronictravelauthorisation\" data-mce-href=\"http:\/\/www.gov.uk\/electronictravelauthorisation\">www.gov.uk\/electronictravelauthorisation<\/a><\/p>\n<\/li>\n<\/ul>\n","protected":false},"featured_media":1002,"template":"","meta":{"_bbp_topic_count":0,"_bbp_reply_count":0,"_bbp_total_topic_count":0,"_bbp_total_reply_count":0,"_bbp_voice_count":0,"_bbp_anonymous_reply_count":0,"_bbp_topic_count_hidden":0,"_bbp_reply_count_hidden":0,"_bbp_forum_subforum_count":0,"_et_pb_use_builder":"","_et_pb_old_content":"","_et_gb_content_width":"","_joinchat":[]},"product_brand":[],"product_cat":[63],"product_tag":[],"class_list":{"0":"post-845","1":"product","2":"type-product","3":"status-publish","4":"has-post-thumbnail","6":"product_cat-viajes-internacionales","8":"first","9":"instock","10":"sale","11":"shipping-taxable","12":"purchasable","13":"product-type-simple"},"_links":{"self":[{"href":"https:\/\/pachucatravel.com.mx\/index.php\/wp-json\/wp\/v2\/product\/845","targetHints":{"allow":["GET"]}}],"collection":[{"href":"https:\/\/pachucatravel.com.mx\/index.php\/wp-json\/wp\/v2\/product"}],"about":[{"href":"https:\/\/pachucatravel.com.mx\/index.php\/wp-json\/wp\/v2\/types\/product"}],"wp:featuredmedia":[{"embeddable":true,"href":"https:\/\/pachucatravel.com.mx\/index.php\/wp-json\/wp\/v2\/media\/1002"}],"wp:attachment":[{"href":"https:\/\/pachucatravel.com.mx\/index.php\/wp-json\/wp\/v2\/media?parent=845"}],"wp:term":[{"taxonomy":"product_brand","embeddable":true,"href":"https:\/\/pachucatravel.com.mx\/index.php\/wp-json\/wp\/v2\/product_brand?post=845"},{"taxonomy":"product_cat","embeddable":true,"href":"https:\/\/pachucatravel.com.mx\/index.php\/wp-json\/wp\/v2\/product_cat?post=845"},{"taxonomy":"product_tag","embeddable":true,"href":"https:\/\/pachucatravel.com.mx\/index.php\/wp-json\/wp\/v2\/product_tag?post=845"}],"curies":[{"name":"wp","href":"https:\/\/api.w.org\/{rel}","templated":true}]}}