{"id":665,"date":"2025-05-07T17:08:01","date_gmt":"2025-05-07T23:08:01","guid":{"rendered":"https:\/\/pachucatravel.com.mx\/index.php\/product\/especial-dia-del-padre-playa-chaparrales\/"},"modified":"2025-06-02T16:37:59","modified_gmt":"2025-06-02T22:37:59","slug":"especial-dia-del-padre-playa-chaparrales","status":"archived","type":"product","link":"https:\/\/pachucatravel.com.mx\/index.php\/product\/especial-dia-del-padre-playa-chaparrales\/","title":{"rendered":"Especial D\u00eda del Padre: Playa Chaparrales"},"content":{"rendered":"<p data-start=\"206\" data-end=\"309\" class=\"\">\ud83d\udcc5 <strong data-start=\"209\" data-end=\"228\">Fecha del Tour:<\/strong> Domingo 15 de junio de 2025<br data-start=\"256\" data-end=\"259\"><br \/>\n\ud83d\udccc <em data-start=\"262\" data-end=\"309\">Itinerario sujeto a cambios sin previo aviso.<\/em><\/p>\n<p data-start=\"311\" data-end=\"482\" class=\"\">\ud83d\ude8d <strong data-start=\"314\" data-end=\"325\">Salida:<\/strong> 5:00 a.m. desde Soriana del Valle, Pachuca, Hidalgo (a un costado de Cinemex).<br data-start=\"404\" data-end=\"407\"><br \/>\n\ud83c\udfc1 <strong data-start=\"410\" data-end=\"422\">Regreso:<\/strong> Aproximadamente a las 10:30 p.m., al mismo punto de salida.<\/p>\n<hr data-start=\"484\" data-end=\"487\" class=\"\">\n<h3 data-start=\"489\" data-end=\"516\" class=\"\">\ud83d\udccd Itinerario Detallado<\/h3>\n<p data-start=\"518\" data-end=\"940\" class=\"\">\u23f0 <strong data-start=\"520\" data-end=\"556\">5:00 a.m. \u2013 Salida desde Pachuca<\/strong><br data-start=\"556\" data-end=\"559\"><br \/>\n\ud83d\udccd <em data-start=\"562\" data-end=\"583\">Punto de encuentro:<\/em> Soriana del Valle, Pachuca, Hidalgo (a un costado de Cinemex).<br data-start=\"646\" data-end=\"649\"><br \/>\n\ud83d\udd39 Se recomienda llegar 15 minutos antes para abordar sin contratiempos.<br data-start=\"721\" data-end=\"724\"><br \/>\n\ud83d\udd39 <strong data-start=\"727\" data-end=\"752\">Asientos sin asignar:<\/strong> cada pasajero podr\u00e1 elegir su lugar conforme aborde la unidad.<br data-start=\"815\" data-end=\"818\"><br \/>\n\ud83d\udd39 Se realizar\u00e1 una parada t\u00e9cnica en sanitarios y tienda de conveniencia en un punto seguro determinado por el conductor.<\/p>\n<p data-start=\"942\" data-end=\"1085\" class=\"\">\u23f0 <strong data-start=\"944\" data-end=\"1003\">9:00 a.m. aproximadamente \u2013 Llegada a Playa Chaparrales<\/strong><br data-start=\"1003\" data-end=\"1006\"><br \/>\n\ud83c\udf0a Tiempo libre para disfrutar de la playa y el destino hasta las <strong data-start=\"1072\" data-end=\"1085\">6:00 p.m.<\/strong><\/p>\n<hr data-start=\"1087\" data-end=\"1090\" class=\"\">\n<h3 data-start=\"1092\" data-end=\"1150\" class=\"\">\ud83c\udf1f Recomendaciones de Actividades en Playa Chaparrales<\/h3>\n<ul data-start=\"1151\" data-end=\"1405\">\n<li data-start=\"1151\" data-end=\"1196\" class=\"\">\n<p data-start=\"1153\" data-end=\"1196\" class=\"\">Nadar en la playa o relajarse en la orilla.<\/p>\n<\/li>\n<li data-start=\"1197\" data-end=\"1252\" class=\"\">\n<p data-start=\"1199\" data-end=\"1252\" class=\"\">Rentar una sombrilla o camastro para mayor comodidad.<\/p>\n<\/li>\n<li data-start=\"1253\" data-end=\"1337\" class=\"\">\n<p data-start=\"1255\" data-end=\"1337\" class=\"\">Realizar paseos en lancha o actividades recreativas locales, si est\u00e1n disponibles.<\/p>\n<\/li>\n<li data-start=\"1338\" data-end=\"1405\" class=\"\">\n<p data-start=\"1340\" data-end=\"1405\" class=\"\">Explorar los alrededores y tomar fotograf\u00edas del paisaje costero.<\/p>\n<\/li>\n<\/ul>\n<hr data-start=\"1407\" data-end=\"1410\" class=\"\">\n<h3 data-start=\"1412\" data-end=\"1449\" class=\"\">\ud83c\udf7d\ufe0f Recomendaciones Gastron\u00f3micas<\/h3>\n<ul data-start=\"1450\" data-end=\"1655\">\n<li data-start=\"1450\" data-end=\"1500\" class=\"\">\n<p data-start=\"1452\" data-end=\"1500\" class=\"\">Pescado frito o empapelado, t\u00edpico de la regi\u00f3n.<\/p>\n<\/li>\n<li data-start=\"1501\" data-end=\"1532\" class=\"\">\n<p data-start=\"1503\" data-end=\"1532\" class=\"\">Cocteles de mariscos frescos.<\/p>\n<\/li>\n<li data-start=\"1533\" data-end=\"1555\" class=\"\">\n<p data-start=\"1535\" data-end=\"1555\" class=\"\">Tostadas de ceviche.<\/p>\n<\/li>\n<li data-start=\"1556\" data-end=\"1589\" class=\"\">\n<p data-start=\"1558\" data-end=\"1589\" class=\"\">Aguas frescas y nieves locales.<\/p>\n<\/li>\n<li data-start=\"1590\" data-end=\"1655\" class=\"\">\n<p data-start=\"1592\" data-end=\"1655\" class=\"\">Productos regionales disponibles en peque\u00f1os negocios cercanos.<\/p>\n<\/li>\n<\/ul>\n<hr data-start=\"1657\" data-end=\"1660\" class=\"\">\n<p data-start=\"1662\" data-end=\"1791\" class=\"\">\u23f0 <strong data-start=\"1664\" data-end=\"1707\">6:00 p.m. \u2013 Salida de regreso a Pachuca<\/strong><br data-start=\"1707\" data-end=\"1710\"><br \/>\n\ud83d\udd39 Se realizar\u00e1 una parada t\u00e9cnica en el camino para descanso y compra de snacks.<\/p>\n<p data-start=\"1793\" data-end=\"1980\" class=\"\">\u23f0 <strong data-start=\"1795\" data-end=\"1845\">10:30 p.m. aproximadamente \u2013 Llegada a Pachuca<\/strong><br data-start=\"1845\" data-end=\"1848\"><br \/>\n\ud83d\udccd <em data-start=\"1851\" data-end=\"1870\">Punto de llegada:<\/em> Soriana del Valle, Pachuca, Hidalgo.<br data-start=\"1907\" data-end=\"1910\"><br \/>\n\ud83d\udc4b Fin del recorrido. Despedida y recomendaciones para futuros viajes.<\/p>\n<hr data-start=\"1982\" data-end=\"1985\" class=\"\">\n<h3 data-start=\"1987\" data-end=\"2023\" class=\"\">\ud83c\udf92 Recomendaciones para el Viaje<\/h3>\n<p data-start=\"2024\" data-end=\"2307\" class=\"\">\u2705 Ropa c\u00f3moda y traje de ba\u00f1o.<br data-start=\"2054\" data-end=\"2057\"><br \/>\n\u2705 Protector solar y sombrero para protecci\u00f3n contra el sol.<br data-start=\"2116\" data-end=\"2119\"><br \/>\n\u2705 C\u00e1mara o celular con suficiente bater\u00eda para capturar momentos especiales.<br data-start=\"2195\" data-end=\"2198\"><br \/>\n\u2705 Dinero en efectivo para compras de souvenirs o consumos personales.<br data-start=\"2267\" data-end=\"2270\"><br \/>\n\u2705 Toalla y cambio de ropa (opcional).<\/p>\n<hr data-start=\"2309\" data-end=\"2312\" class=\"\">\n<p data-start=\"2314\" data-end=\"2808\" class=\"\">\u26a0\ufe0f <strong data-start=\"2317\" data-end=\"2338\">Notas Importantes<\/strong><br \/>\n\ud83d\udccc Todos los horarios son aproximados y pueden estar sujetos a cambios por situaciones externas o imprevistos. El coordinador del viaje proporcionar\u00e1 indicaciones oficiales durante el recorrido.<br data-start=\"2533\" data-end=\"2536\"><br \/>\n\ud83d\udccc No se permitir\u00e1 el ingreso de bebidas alcoh\u00f3licas a la unidad de transporte.<br data-start=\"2615\" data-end=\"2618\"><br \/>\n\ud83d\udccc Respeta los tiempos asignados: la tolerancia m\u00e1xima de espera ser\u00e1 de 15 minutos. En caso de retraso, deber\u00e1s movilizarte por tu cuenta para reunirte con el grupo en el siguiente destino.<\/p>\n<hr data-start=\"2810\" data-end=\"2813\" class=\"\">\n<p data-start=\"2815\" data-end=\"2894\" class=\"\">\ud83c\udf1f \u00a1Gracias por tu confianza! Te esperamos para una experiencia inolvidable. \ud83c\udf1f<\/p>\n","protected":false},"excerpt":{"rendered":"<p><br data-mce-bogus=\"1\"><\/p>\n","protected":false},"featured_media":661,"template":"","meta":{"_bbp_topic_count":0,"_bbp_reply_count":0,"_bbp_total_topic_count":0,"_bbp_total_reply_count":0,"_bbp_voice_count":0,"_bbp_anonymous_reply_count":0,"_bbp_topic_count_hidden":0,"_bbp_reply_count_hidden":0,"_bbp_forum_subforum_count":0,"_et_pb_use_builder":"","_et_pb_old_content":"","_et_gb_content_width":"","_joinchat":[]},"product_brand":[],"product_cat":[94],"product_tag":[],"class_list":{"0":"post-665","1":"product","2":"type-product","3":"status-archived","4":"has-post-thumbnail","6":"product_cat-viajes-nacionales","8":"first","9":"instock","10":"shipping-taxable","11":"product-type-simple"},"_links":{"self":[{"href":"https:\/\/pachucatravel.com.mx\/index.php\/wp-json\/wp\/v2\/product\/665","targetHints":{"allow":["GET"]}}],"collection":[{"href":"https:\/\/pachucatravel.com.mx\/index.php\/wp-json\/wp\/v2\/product"}],"about":[{"href":"https:\/\/pachucatravel.com.mx\/index.php\/wp-json\/wp\/v2\/types\/product"}],"wp:featuredmedia":[{"embeddable":true,"href":"https:\/\/pachucatravel.com.mx\/index.php\/wp-json\/wp\/v2\/media\/661"}],"wp:attachment":[{"href":"https:\/\/pachucatravel.com.mx\/index.php\/wp-json\/wp\/v2\/media?parent=665"}],"wp:term":[{"taxonomy":"product_brand","embeddable":true,"href":"https:\/\/pachucatravel.com.mx\/index.php\/wp-json\/wp\/v2\/product_brand?post=665"},{"taxonomy":"product_cat","embeddable":true,"href":"https:\/\/pachucatravel.com.mx\/index.php\/wp-json\/wp\/v2\/product_cat?post=665"},{"taxonomy":"product_tag","embeddable":true,"href":"https:\/\/pachucatravel.com.mx\/index.php\/wp-json\/wp\/v2\/product_tag?post=665"}],"curies":[{"name":"wp","href":"https:\/\/api.w.org\/{rel}","templated":true}]}}